rmine a(713).
-5
Let t(a) = -a**3 - 27*a**2 + 596*a + 16364. Determine t(-26).
192
Let b(u) = -3*u**2 + 855*u - 59547. What is b(162)?
231
Let x(s) = -26*s**2 + 54*s - 5. Give x(6).
-617
Let t(g) = -g**3 - 363*g**2 + 8511*g + 15778. Calculate t(-385).
-7
Let s(r) = -28*r**2 - 1639*r - 876. Determine s(-58).
-6
Let t(z) = z**3 + 313*z**2 - 48303*z - 70285. Give t(-426).
5
Let d(r) = 2*r**3 + 3128*r**2 + 6261*r + 20283. Calculate d(-1562).
-23
Let k(n) = 1974*n - 5432. Calculate k(3).
490
Let p(d) = 9376*d - 93649. What is p(10)?
111
Let h(g) = 265*g**2 + 262*g + 265. Give h(-1).
268
Let r(j) = j**3 - 100*j**2 + 1900*j - 115. Calculate r(25).
510
Let i(c) = -1035*c + 11953. Give i(11).
568
Let f(q) = -11*q**2 + 523*q - 2070. Determine f(4).
-154
Let z(m) = 82307*m - 411539. What is z(5)?
-4
Let i(v) = 2100*v + 434708. What is i(-207)?
8
Let x(l) = -4531*l - 185780. Determine x(-41).
-9
Let h(r) = 46*r**2 + 895*r - 1976. What is h(2)?
-2
Let b(g) = -9*g**2 - 497*g + 6404. Give b(-66).
2
Let o(g) = -183*g**2 + 31478*g - 142. Give o(172).
202
Let c(v) = -4419*v - 3645681. Determine c(-825).
-6
Let t(u) = 79159*u + 2216467. Give t(-28).
15
Let t(f) = 112*f + 4950. Determine t(-58).
-1546
Let s(q) = -739*q**2 - 20696*q - 110. Give s(-28).
2
Let i(v) = -212387*v + 13592736. Give i(64).
-32
Let m(c) = 2*c**2 - 1016*c + 6003. Determine m(6).
-21
Let f(l) = 860*l - 7618. Give f(12).
2702
Let v(n) = 48779*n + 7950976. Calculate v(-163).
-1
Let n(a) = -a**3 + 33*a**2 - 213*a + 7135. Calculate n(33).
106
Let f(a) = a**3 + 42*a**2 - 11565*a - 455581. Determine f(-39).
17
Let h(q) = -5*q**3 - 24*q**2 + 460*q + 326. Give h(-12).
-10
Let h(f) = 326817*f - 2287738. Determine h(7).
-19
Let m(t) = 1499*t - 87992. Give m(59).
449
Let b(k) = -7*k**3 + 176*k**2 - 19*k + 581. Determine b(25).
731
Let d(w) = w**2 + 86*w - 112. Give d(2).
64
Let i(d) = 25324*d - 379841. Give i(15).
19
Let f(g) = -5*g**3 - 826*g**2 - 964*g + 3273. Give f(-164).
-7
Let z(y) = y**2 + 14593*y - 688040. What is z(47)?
40
Let s(p) = 2*p**3 + 89*p**2 - 3561*p + 558. Give s(-70).
-72
Let t(y) = 4407*y + 608140. What is t(-138)?
-26
Let p(g) = 4152*g + 3251021. What is p(-783)?
5
Let t(n) = -17*n**2 - 870*n + 3890. Calculate t(4).
138
Let j(k) = 602479*k + 11447102. Calculate j(-19).
1
Let a(v) = -2*v**3 - 31*v**2 + 21*v + 217. What is a(-8)?
-911
Let s(l) = 29*l**2 + 268*l + 1576. Give s(-5).
961
Let u(q) = 25*q - 2702. What is u(137)?
723
Let r(m) = 2*m**2 - 52082*m + 624695. Calculate r(12).
-1
Let h(w) = -w**3 - 47*w**2 - 48*w - 65. What is h(-46)?
27
Let v(a) = -660*a - 84199. Determine v(-128).
281
Let p(k) = -103*k + 12011. What is p(134)?
-1791
Let q(k) = 46475*k + 5437571. Give q(-117).
-4
Let r(s) = -4*s**2 - 342*s - 5385. Calculate r(-17).
-727
Let f(n) = n**2 - 308361*n + 19114534. Determine f(62).
-4
Let d(j) = -183*j**2 - 3290*j - 11. Give d(-18).
-83
Let t(d) = -886*d**2 - 454*d. What is t(1)?
-1340
Let a(m) = -m**3 - 43*m**2 - 343*m + 37. Determine a(-23).
-2654
Let v(x) = -11*x**2 - 93*x - 201. Calculate v(-8).
-161
Let p(z) = z**3 + 30*z**2 - 3226*z - 96769. Give p(-30).
11
Let v(i) = -i**2 - 23*i + 43. Determine v(8).
-205
Let s(x) = -243*x**2 - 4633*x - 284. Determine s(-19).
20
Let f(o) = 246774*o + 3948392. Calculate f(-16).
8
Let k(g) = 2*g**2 - 13167*g + 3722207. Give k(296).
7
Let d(k) = 42772*k - 2266943. Calculate d(53).
-27
Let c(h) = -h**3 - 108*h**2 - 898*h - 667. Give c(-99).
26
Let u(c) = -2*c**2 - 25233*c - 176595. Calculate u(-7).
-62
Let a(h) = -5*h**3 + 10*h**2 + 387*h - 2587. Determine a(7).
-1103
Let l(c) = -435363*c + 23074235. Determine l(53).
-4
Let p(r) = -61442*r - 675868. Give p(-11).
-6
Let j(l) = 1657*l - 124913. Give j(76).
1019
Let v(q) = -27*q**2 - 4*q - 1915. What is v(0)?
-1915
Let c(m) = -4609*m - 27712. Calculate c(-6).
-58
Let p(q) = -17*q**2 + 992*q - 14042. What is p(34)?
34
Let v(d) = d**3 + 41*d**2 + 39*d + 1716. What is v(-41)?
117
Let f(i) = 3386*i + 20853. Calculate f(-6).
537
Let h(c) = 130*c**2 - 3491*c - 6985. Determine h(-2).
517
Let y(c) = -3*c**2 + 667*c + 18579. Determine y(-25).
29
Let n(w) = 2*w**3 + 68*w - 101. Determine n(9).
1969
Let h(p) = -52369*p + 367369. Calculate h(7).
786
Let z(c) = 2676*c + 13662. What is z(-5)?
282
Let q(w) = 345*w - 2660. Determine q(8).
100
Let i(b) = 6*b**2 + 28*b - 2085. What is i(-21)?
-27
Let w(v) = -162*v - 2965. Calculate w(-19).
113
Let g(k) = -2*k**3 + 546*k**2 - 189*k + 51610. What is g(273)?
13
Let w(s) = s**3 - 39*s**2 - 586*s + 24415. Determine w(37).
-5
Let y(c) = -7*c**2 + 749*c - 3702. Give y(102).
-132
Let g(t) = -t**2 - 10*t + 109. Calculate g(8).
-35
Let i(u) = 172*u - 3185. Determine i(17).
-261
Let y(i) = 40724*i + 12054292. What is y(-296)?
-12
Let i(z) = 16061*z - 786985. What is i(49)?
4
Let q(p) = 54*p**2 + 578*p - 192. Calculate q(-11).
-16
Let d(x) = 2983*x + 44796. What is d(-15)?
51
Let t(u) = u**3 - 26*u**2 - 101*u + 387. What is t(29)?
-19
Let g(a) = 2278*a + 11408. Calculate g(-5).
18
Let y(u) = -2*u**3 - 18*u**2 + 8*u - 267. Give y(-10).
-147
Let y(a) = 169449*a - 3388977. Calculate y(20).
3
Let f(u) = u**2 - 1713*u - 160396. Determine f(-89).
-18
Let d(n) = -28*n**3 - 145*n**2 + 5*n - 3. Determine d(-5).
-153
Let i(y) = 428*y + 13684. What is i(-32)?
-12
Let k(f) = f**3 + 43*f**2 - 489*f - 1039. Calculate k(-52).
53
Let j(f) = -180*f - 2935. Calculate j(-21).
845
Let a(t) = -t**2 - 2276*t - 420821. Calculate a(-203).
-2
Let y(w) = -12*w**2 - 255*w + 2206. What is y(9)?
-1061
Let a(m) = 45*m - 5933. What is a(113)?
-848
Let x(j) = -848*j + 6746. Calculate x(8).
-38
Let y(f) = 51*f - 317. What is y(-12)?
-929
Let k(d) = d**3 + 69*d**2 + 823*d + 212. Calculate k(-15).
17
Let o(w) = 86*w**2 - 1550*w + 34. Determine o(18).
-2
Let o(w) = w**2 - 25866*w + 206838. Calculate o(8).
-26
Let n(z) = 2849*z + 8733. Give n(-3).
186
Let a(s) = -s**2 - 564*s + 49395. Calculate a(77).
38
Let n(h) = 19*h**2 - 1603*h + 3183. Determine n(2).
53
Let s(c) = c**2 + 26099*c + 1068378. Calculate s(-41).
0
Let r(x) = 228657*x + 2743909. What is r(-12)?
25
Let v(m) = -35799*m + 572797. Give v(16).
13
Let l(x) = x**3 - 10*x**2 - 1324*x + 5320. Determine l(4).
-72
Let v(n) = -598*n - 4697. Determine v(-7).
-511
Let j(r) = 9304*r - 307027. Calculate j(33).
5
Let w(d) = 12*d**2 - 183*d - 800. Calculate w(-4).
124
Let r(f) = 2*f**3 + 12*f**2 - 2956*f - 14839. Calculate r(-5).
-9
Let o(c) = 3*c**3 + 285*c**2 + 230*c - 4885. Give o(-94).
3
Let h(k) = 24*k**2 - 109*k - 19. What is h(-4)?
801
Let a(f) = 298*f**2 - 3279*f + 8. Determine a(11).
-3
Let f(c) = -c**3 + 1014*c**2 + 3759*c + 318641. What is f(1018)?
7
Let r(w) = -25005*w + 2500433. Give r(100).
-67
Let d(l) = -120*l + 11756. Calculate d(82).
1916
Let t(b) = 84*b - 5915. What is t(54)?
-1379
Let h(m) = -m**2 + 42109*m - 378903. Determine h(9).
-3
Let p(o) = 2*o**3 - 93*o**2 - 1391*o - 22. What is p(-12)?
-178
Let x(l) = -49*l**3 + 3331*l**2 + 94*l - 1732. Determine x(68).
36
Let t(i) = 19572*i - 4795149. What is t(245)?
-9
Let s(r) = 19463*r - 135724. What is s(7)?
517
Let p(g) = -2*g**3 - 7*g**2 - 631*g - 1888. Calculate p(-3).
-4
Let c(r) = 8582*r + 18849. Give c(-2).
1685
Let j(z) = -55*z + 2155. Calculate j(49).
-540
Let g(d) = -508*d**2 - 3036*d - 14. Give g(-6).
-86
Let v(g) = 2*g**2 + 2089*g + 16559. Determine v(-8).
-25
Let p(z) = -20557*z - 226155. Determine p(-11).
-28
Let q(c) = 43*c + 12078. What is q(-281)?
-5
Let o(q) = 23880*q + 167307. What is o(-7)?
147
Let w(v) = 4581*v - 371108. What is w(81)?
-47
Let l(v) = -4*v**2 - 251*v - 176. What is l(-73)?
-3169
Let p(v) = 6*v**3 + 38*v**2 + 57*v + 271. What is p(-6)?
1
Let o(j) = -3*j**3 - 201*j**2 + 590*j + 39422. Give o(-67).
-108
Let i(v) = -4406*v - 229121. What is i(-52)?
-9
Let w(t) = 5*t**3 + 243*t**2 + 142*t - 52. Calculate w(-48).
44
Let d(n) = 196*n**2 - 81*n - 8. Calculate d(3).
1513
Let r(n) = -1242*n - 1161270. Determine r(-935).
0
Let t(g) = -g**2 - 183145*g - 732572. Calculate t(-4).
-8
Let s(j) = -25*j**3 + 19*j**2 + j - 13. What is s(-4)?
1887
Let z(s) = -8*s**3 - 33*s**2 + 7931*s + 31747. Calculate z(-4).
7
Let y(p) = -4*p**2 + 212*p + 3045. Give y(65).
-75
Let a(o) = -4576287*o - 4576284. Give a(-1).
3
Let n(o) = 2*o**2 - 731*o + 3109. Give n(361).
-140
Let 